s, -3*g = g - 2*s - 12. Suppose -5*l - 4*c - 5 + 19 = 0, 3*l = -c + 7. Suppose -4 = -g*w + l. List the prime factors of w.
3
Suppose -2*r + 4*k + 33 = -55, r - 5*k - 44 = 0. Suppose 3*b - 5*m = r, 0 = 2*m + m + 3. List the prime factors of b.
13
Suppose 5*o + 3*l - 178 = 0, -6*l + 56 = 2*o - l. Let g = o + -24. Suppose 10*n - 5*n = -m + 70, n = -5*m + g. List the prime factors of n.
2, 7
Let q = -13 - -51. List the prime factors of q.
2, 19
Suppose -3*b = -2 - 52. Suppose -3*m + 36 = -b. List the prime factors of m.
2, 3
What are the prime factors of (164/(-8))/((-2)/4)?
41
Suppose -3*l = -6*l + 6. List the prime factors of -1*(-4 - 0)/l.
2
Let n(z) = -z**3 + 9*z**2 + 3*z + 12. List the prime factors of n(7).
131
Let g = 94 + -41. List the prime factors of g.
53
Suppose 2*i - 3*v + 6 + 1 = 0, i = 3*v - 11. Let g be i + (-3 + 2)/1. List the prime factors of g/(-3)*1 - -9.
2
Suppose 4*d - 6*x = -3*x - 967, 0 = 4*d - 2*x + 962. Let p = d + 130. List the prime factors of p/(-15) + 3/(-15).
7
Let w = 7 + -3. Suppose -g + 3*y + 23 = 0, w*g - 5*y - 82 = 3. What are the prime factors of g?
2, 5
Suppose 2*d + 2 = 8. Let k(f) = -f**2 + 5*f - 2. Let h be k(d). Suppose -h*u + 3*l = 4, -2*u + 20 = 2*u + 3*l. What are the prime factors of u?
2
Let t(l) be the second derivative of -l**4/12 + 2*l**3 + 5*l**2/2 + 4*l. Let f = 31 + -19. List the prime factors of t(f).
5
Suppose -11 = -m + 4*x + 14, 5*m - 194 = -3*x. What are the prime factors of m?
37
Let b = 82 + -64. List the prime factors of b.
2, 3
Let j(u) = 5*u - 1. Let l be j(1). Suppose 4*b + l = 56. What are the prime factors of b?
13
Let m(d) = d**2 - 2*d - 6. List the prime factors of m(-5).
29
Let b = -354 - -608. List the prime factors of b.
2, 127
Let c = 21 + -7. List the prime factors of c.
2, 7
Let q(l) = -l**3 - 13*l**2 - l - 10. Let n be q(-13). Suppose -5*h + 150 = 4*j, -2*h + 3*j - 41 = -n*h. What are the prime factors of h?
2, 13
Suppose -2*f = 2*f - 32. Let k = f + 3. What are the prime factors of k?
11
Let y = 25 + -22. List the prime factors of y.
3
Let h(s) = -2*s**3 - 2*s**2 + s + 0*s**2 - 2*s. Let m(c) = -2*c. Let l be m(1). What are the prime factors of h(l)?
2, 5
What are the prime factors of 1 + (4/2 - -28)?
31
Suppose -20 = -4*n + 4*m + 216, 0 = n - 2*m - 62. List the prime factors of n.
2, 7
Suppose 5*b - 534 = -4*k + 567, 0 = -3*k + b + 802. List the prime factors of k.
269
Let z = 3 - 2. Let u be 6/((-6)/4*20/(-45)). Let p = u - z. List the prime factors of p.
2
Suppose -2 = -y, 100 = 7*p - 3*p - 2*y. What are the prime factors of p?
2, 13
Let k(y) = -2*y. List the prime factors of k(-10).
2, 5
Let h = 196 + -157. What are the prime factors of h?
3, 13
Let o be (12/(-10))/((-2)/5). Suppose -c = o*c - 240. Suppose -2*a + 20 = -y - 1, 4*y = 5*a - c. What are the prime factors of a?
2
Suppose 0 = 4*r - 11 - 25. Let f(a) = -a**3 + 9*a**2 + a + 1. List the prime factors of f(r).
2, 5
Suppose -11*g = -10*g - 64. List the prime factors of g.
2
Suppose -2*t - 16 = 4*n + 16, -4*t - 56 = 4*n. What are the prime factors of (-8)/t*(13 + -1)?
2
Let i be ((-2)/4)/((-2)/8). Suppose -3*f - 3*z + 6*z + 123 = 0, i*f + 5*z = 96. Suppose -5*j = -7 - f. What are the prime factors of j?
2, 5
Let i be 2/4 - 19/(-2). Let x be 20 - ((-2)/(-2) - 0). Let o = x - i. List the prime factors of o.
3
Suppose -5*t + 68 = -3*h, 0*t = 3*t + 3*h - 36. Let a = 18 + t. What are the prime factors of a?
31
Suppose 5 + 7 = 3*b. Suppose -n - 48 = 3*l, -b*n + 49 = -2*l + n. Let i = 25 + l. What are the prime factors of i?
2
Let k(i) = 2*i**2 - 4*i - 10. Let t be k(10). Suppose n - 145 = -5*j - 2*n, t = 5*j + 2*n. Suppose -3*m + j = m. List the prime factors of m.
2
Let y(b) = -4*b + 3*b + 3 + 10. What are the prime factors of y(9)?
2
Let i be 0/2 - 0/(-2). Let y = i - -1. What are the prime factors of y/1 + 75/5?
2
Let j(o) = o**3 - 3*o**2 + o - 1. Suppose -m + 3*m - 12 = -x, x + 9 = 5*m. Let d be x + 0 + 0 + -3. List the prime factors of j(d).
2
Suppose -3*p = 5 + 1. What are the prime factors of (-3)/p*(1 + 1)?
3
Let f(z) = z + 18. Let a be f(-14). Suppose 5*n - 71 = a. List the prime factors of n.
3, 5
Let q = 0 - -195. Suppose 5*j + t = q, -5*t - 117 = j - 4*j. What are the prime factors of j?
3, 13
Suppose 0 = 4*l - 70 - 198. List the prime factors of l.
67
Let h be 8/(-12) - 2/(-3). Let a(u) = -u**2 + u + 4. Let x be a(h). Suppose -13 = -l - x. What are the prime factors of l?
3
Suppose 324 = 4*a - 100. List the prime factors of a.
2, 53
Suppose -d - 5 = -2*z, -5*d = -5*z - 3 + 8. Let l(t) = -t + 0*t - z + 2*t + t**2. List the prime factors of l(3).
2
Let x = 16 + -11. Suppose 2*r - r = -x*g + 17, -5*g + 25 = 5*r. What are the prime factors of r/11 - 172/(-22)?
2
Suppose -3*w = -p - p + 2, p = -3*w + 1. Let i be -14 - 1 - (w + 3). Let t = i - -28. List the prime factors of t.
2, 5
Let n be 190/8 + 6/(-8). Suppose -4*o - 5 = n. Let t = 15 + o. List the prime factors of t.
2
Suppose -303 = -5*j + 2*a, j + 5*a + 315 = 6*j. List the prime factors of j.
59
Let n(g) = -g**2 - 10*g - 11. Let r be n(-8). Suppose 2*b - 4 = 6*b - 4*z, 3*b - z - r = 0. Suppose -7 = -2*c - b. What are the prime factors of c?
2
What are the prime factors of 12/(-30) + (-312)/(-5)?
2, 31
Suppose 2*w = 79 + 99. List the prime factors of w.
89
Suppose -v - 6 = -4*v. List the prime factors of -2 + v - (-9 - 0).
3
Let i = -4 - -5. Let j(v) = -v**2 - v. Let w(n) = -n**3 - 2*n**2 - n + 9. Let f(a) = i*w(a) + 6*j(a). What are the prime factors of f(-7)?
3
What are the prime factors of 4565/66 + 1/(-6)?
3, 23
Let s be 1/(118/39 + -3). Suppose -s = -d - 10. What are the prime factors of d?
29
Let i = 3 + 0. Suppose -2*x + 4*t = 14, -i*x + 0*t = -5*t + 17. Let a = x - -4. What are the prime factors of a?
5
Let q(m) = -m + 5. Let h(y) = -2*y**2 + 3*y - 3. Let p be h(3). What are the prime factors of q(p)?
17
Let z be 2/1 + -3 - 9. Let y = 23 + z. List the prime factors of y.
13
Suppose 4*n - 5*j + 13 = 0, 3*n + 7 = n + 3*j. Suppose 0 = k - 4. Let w = k + n. List the prime factors of w.
2
Let o(i) = -i**3 + 4*i**2 - 3*i. Let l be o(3). Suppose -w = -2 - l. List the prime factors of w.
2
Suppose -5*v - 2*i + 92 = -4*v, 5*v + 2*i - 476 = 0. What are the prime factors of v?
2, 3
Let t(n) = 3*n**3 - 6*n + 14. What are the prime factors of t(4)?
2, 7, 13
Let o = -1 - -5. Suppose b - 3*x + 100 = 3*b, -5*b + 250 = 4*x. Suppose -b = -o*h - h. List the prime factors of h.
2, 5
Let z = 20 + -18. Suppose z*q + 36 = 3*q. What are the prime factors of q?
2, 3
Suppose l - 1 = -12. Let f = l - -8. Let n(o) = o**3 + 3*o**2 - 2*o - 3. What are the prime factors of n(f)?
3
Suppose 33 = -4*p + 9. Let n(t) = -t**3 - 6*t**2 - 4*t - 8. What are the prime factors of n(p)?
2
Suppose 5*a = -2*o + 15, 4*o - a - 2*a + 9 = 0. Suppose o = 5*f + 1 - 16. Suppose s + f*i + 5 = -1, 2*s - 5*i = 43. List the prime factors of s.
3
Let z(j) = j**2 + j + 1. Let w be 2 - (-2 + 2 + 0). Suppose x + w - 4 = 0. List the prime factors of z(x).
7
Let r(b) be the first derivative of b**2 + 2*b + 2. Let n be r(-2). What are the prime factors of (3/(-5))/(n/10)?
3
Let y be (-3)/(-3 - 6/(-4)). Suppose 2*c = -y*c + 72. What are the prime factors of c?
2, 3
Suppose -8 = -m + 5. List the prime factors of m.
13
Let t = -17 - -2. Let s = t + 27. What are the prime factors of s?
2, 3
Let h(t) = -5*t**2 + 5*t. Let g be h(4). Let q = -19 - g. List the prime factors of q.
41
Suppose 0 = 5*p - 47 - 163. Let n = -8 + p. What are the prime factors of n?
2, 17
Suppose 0 = -f - 80 + 215. What are the prime factors of f?
3, 5
Suppose 0 = -4*u + 20, 44 = 3*o - u + 2*u. List the prime factors of o.
13
Let l(i) = -i - 6. Let n be l(-8). List the prime factors of 1/n*(22 + 2).
2, 3
List the prime factors of -8 - -4 - (-208)/4.
2, 3
Let r = 155 + 139. What are the prime factors of r?
2, 3, 7
Let x(j) = 18*j - 1. Let a be x(2). Suppose 7 = h - 2*m - 2*m, -5*h = -4*m - a. Let s = h - 3. What are the prime factors of s?
2
Let k(x) = 2*x**3 + 6*x**2 - 9*x - 2. Let o be k(-8). What are the prime factors of o/(-20)*4/6?
19
Suppose -5*k + 260 = -0*k. Suppose 22 = 2*w + l, -3*w = w - 2*l - k. List the prime factors of w.
2, 3
Suppose 0 = -9*z + 4*z + 410. What are the prime factors of z?
2, 41
Suppose -1 = -2*q + 5. Let n(c) 